{"id":7002,"date":"2025-03-07T11:42:22","date_gmt":"2025-03-07T10:42:22","guid":{"rendered":"https:\/\/tristel.com\/es-es\/?post_type=tribe_events&#038;p=7002"},"modified":"2025-03-07T11:44:34","modified_gmt":"2025-03-07T10:44:34","slug":"35-jonadas-nacionales-de-enfermeras-gestoras","status":"publish","type":"tribe_events","link":"https:\/\/tristel.com\/es-es\/eventos\/35-jonadas-nacionales-de-enfermeras-gestoras\/","title":{"rendered":"35 Jornadas Nacionales de Enfermeras Gestoras"},"content":{"rendered":"<p>Las 35 Jornadas Nacionales de Enfermeras Gestoras, organizadas por la Asociaci\u00f3n Nacional de Directivos de Enfermer\u00eda (ANDE), se llevar\u00e1n a cabo en el Palacio de Exposiciones y Congresos Ciudad de Oviedo los d\u00edas 26, 27 y 28 de marzo de 2025. Este evento reunir\u00e1 a cerca de 950 profesionales de la enfermer\u00eda gestora y directiva en un espacio de intercambio de conocimiento y actualizaci\u00f3n en liderazgo y gesti\u00f3n sanitaria.<\/p>\n<p>El programa abordar\u00e1 temas clave en la direcci\u00f3n y gesti\u00f3n de cuidados de salud, desde la humanizaci\u00f3n y retenci\u00f3n del talento, hasta la eficiencia en la gesti\u00f3n y la implementaci\u00f3n de nuevas tecnolog\u00edas en los servicios sanitarios.<\/p>\n<p>Nuestro equipo estar\u00e1 presente para conectar con los asistentes y conocer de primera mano los desaf\u00edos y avances en la gesti\u00f3n de cuidados. Durante el evento, presentaremos nuestras soluciones innovadoras en desinfecci\u00f3n de alto nivel, destacando nuestras l\u00edneas de productos:<\/p>\n<ul>\n<li>Tristel: Descontaminaci\u00f3n completa de dispositivos m\u00e9dicos.<\/li>\n<li>Cache: Desinfecci\u00f3n esporicida de superficies con la potencia del di\u00f3xido de cloro (ClO\u2082).<\/li>\n<li>3T: Plataforma de trazabilidad digital y formaci\u00f3n en desinfecci\u00f3n de productos Tristel.<\/li>\n<\/ul>\n<p>Esperamos compartir nuestras innovaciones y experiencias con los l\u00edderes del sector.<\/p>\n","protected":false},"excerpt":{"rendered":"<p>Las 35 Jornadas Nacionales de Enfermeras Gestoras, organizadas por la Asociaci\u00f3n Nacional de Directivos de Enfermer\u00eda (ANDE), se llevar\u00e1n a cabo en el Palacio de Exposiciones y Congresos Ciudad de [&hellip;]<\/p>\n","protected":false},"author":10,"featured_media":6531,"template":"","meta":{"_acf_changed":false,"_relevanssi_hide_post":"","_relevanssi_hide_content":"","_relevanssi_pin_for_all":"","_relevanssi_pin_keywords":"","_relevanssi_unpin_keywords":"","_relevanssi_related_keywords":"","_relevanssi_related_include_ids":"","_relevanssi_related_exclude_ids":"","_relevanssi_related_no_append":"","_relevanssi_related_not_related":"","_relevanssi_related_posts":"","_relevanssi_noindex_reason":"","inline_featured_image":false,"_tribe_events_status":"","_tribe_events_status_reason":"","footnotes":""},"tags":[],"tribe_events_cat":[],"class_list":["post-7002","tribe_events","type-tribe_events","status-publish","has-post-thumbnail","hentry"],"acf":[],"_links":{"self":[{"href":"https:\/\/tristel.com\/es-es\/wp-json\/wp\/v2\/tribe_events\/7002","targetHints":{"allow":["GET"]}}],"collection":[{"href":"https:\/\/tristel.com\/es-es\/wp-json\/wp\/v2\/tribe_events"}],"about":[{"href":"https:\/\/tristel.com\/es-es\/wp-json\/wp\/v2\/types\/tribe_events"}],"author":[{"embeddable":true,"href":"https:\/\/tristel.com\/es-es\/wp-json\/wp\/v2\/users\/10"}],"version-history":[{"count":0,"href":"https:\/\/tristel.com\/es-es\/wp-json\/wp\/v2\/tribe_events\/7002\/revisions"}],"wp:featuredmedia":[{"embeddable":true,"href":"https:\/\/tristel.com\/es-es\/wp-json\/wp\/v2\/media\/6531"}],"wp:attachment":[{"href":"https:\/\/tristel.com\/es-es\/wp-json\/wp\/v2\/media?parent=7002"}],"wp:term":[{"taxonomy":"post_tag","embeddable":true,"href":"https:\/\/tristel.com\/es-es\/wp-json\/wp\/v2\/tags?post=7002"},{"taxonomy":"tribe_events_cat","embeddable":true,"href":"https:\/\/tristel.com\/es-es\/wp-json\/wp\/v2\/tribe_events_cat?post=7002"}],"curies":[{"name":"wp","href":"https:\/\/api.w.org\/{rel}","templated":true}]}}

<p>Las 35 Jornadas Nacionales de Enfermeras Gestoras, organizadas por la Asociación Nacional de Directivos de Enfermería (ANDE), se llevarán a cabo en el Palacio de Exposiciones y Congresos Ciudad de Oviedo los días 26, 27 y 28 de marzo de 2025. Este evento reunirá a cerca de 950 profesionales de la enfermería gestora y directiva en un espacio de intercambio de conocimiento y actualización en liderazgo y gestión sanitaria.</p>
<p>El programa abordará temas clave en la dirección y gestión de cuidados de salud, desde la humanización y retención del talento, hasta la eficiencia en la gestión y la implementación de nuevas tecnologías en los servicios sanitarios.</p>
<p>Nuestro equipo estará presente para conectar con los asistentes y conocer de primera mano los desafíos y avances en la gestión de cuidados. Durante el evento, presentaremos nuestras soluciones innovadoras en desinfección de alto nivel, destacando nuestras líneas de productos:</p>
<ul>
<li>Tristel: Descontaminación completa de dispositivos médicos.</li>
<li>Cache: Desinfección esporicida de superficies con la potencia del dióxido de cloro (ClO₂).</li>
<li>3T: Plataforma de trazabilidad digital y formación en desinfección de productos Tristel.</li>
</ul>
<p>Esperamos compartir nuestras innovaciones y experiencias con los líderes del sector.</p>

<p>Las 35 Jornadas Nacionales de Enfermeras Gestoras, organizadas por la Asociación Nacional de Directivos de Enfermería (ANDE), se llevarán a cabo en el Palacio de Exposiciones y Congresos Ciudad de [&hellip;]</p>
